 common divisor of 20167 and 6097?
469
What is the highest common divisor of 587243 and 41?
41
Calculate the highest common factor of 196 and 130424.
28
Calculate the greatest common factor of 990 and 141120.
90
Calculate the greatest common divisor of 425 and 86785.
85
What is the highest common divisor of 4815 and 878256?
963
What is the highest common factor of 40 and 12808?
8
Calculate the highest common divisor of 6036 and 1776.
12
What is the highest common divisor of 328 and 25502?
82
Calculate the highest common divisor of 19683 and 9450.
27
What is the highest common factor of 83493 and 18?
9
What is the highest common divisor of 12740 and 206570?
910
What is the greatest common factor of 104 and 130546?
26
Calculate the greatest common divisor of 840 and 742.
14
What is the greatest common divisor of 29 and 5000209?
29
What is the highest common divisor of 9 and 10095?
3
What is the highest common divisor of 10109135 and 17?
17
What is the highest common factor of 1364 and 352?
44
Calculate the highest common factor of 1666 and 391.
17
Calculate the greatest common factor of 21087 and 426.
213
Calculate the greatest common factor of 3354 and 1071603.
1677
What is the highest common factor of 287270 and 230?
230
What is the greatest common factor of 7711 and 215207?
701
What is the highest common factor of 2822 and 4814?
166
Calculate the highest common factor of 12 and 16892.
4
What is the greatest common divisor of 98736 and 440?
88
Calculate the highest common divisor of 11009 and 7957.
109
What is the greatest common divisor of 919365 and 45?
15
Calculate the greatest common factor of 456150 and 25.
25
What is the highest common divisor of 213136 and 1038?
346
What is the highest common factor of 197150 and 6?
2
What is the greatest common divisor of 18 and 232?
2
What is the highest common factor of 222680 and 293?
293
What is the greatest common factor of 2698698 and 6?
6
What is the highest common divisor of 58002 and 714?
42
Calculate the greatest common divisor of 35410 and 40.
10
Calculate the highest common factor of 8193119 and 11.
11
Calculate the highest common divisor of 6356191 and 145.
29
Calculate the highest common factor of 34741 and 1421.
49
Calculate the greatest common factor of 954503 and 209.
209
Calculate the highest common factor of 2006 and 272.
34
Calculate the greatest common factor of 21 and 52638.
3
Calculate the greatest common divisor of 354 and 289690.
118
What is the greatest common factor of 23 and 52578?
23
Calculate the greatest common divisor of 180 and 768780.
180
What is the highest common factor of 720 and 48800?
80
Calculate the highest common factor of 14137 and 102968.
211
What is the highest common divisor of 64985 and 205?
205
Calculate the highest common divisor of 22764 and 378.
42
Calculate the greatest common divisor of 10 and 662.
2
Calculate the greatest common factor of 16431523 and 19.
19
What is the greatest common divisor of 270 and 2473605?
135
What is the highest common divisor of 235 and 26837?
47
Calculate the greatest common divisor of 50752 and 16.
16
Calculate the greatest common divisor of 9365 and 20.
5
What is the greatest common divisor of 985924 and 124?
124
What is the greatest common divisor of 340 and 6760?
20
Calculate the highest common factor of 340 and 3299785.
85
Calculate the highest common divisor of 106198 and 1334.
58
Calculate the highest common divisor of 21108 and 612.
12
Calculate the greatest common divisor of 78 and 72397.
13
What is the greatest common divisor of 145714 and 246?
82
What is the greatest common factor of 2280 and 305330?
190
What is the highest common divisor of 30 and 9442005?
15
Calculate the highest common divisor of 252976 and 16.
16
What is the greatest common divisor of 104 and 43732?
52
Calculate the greatest common divisor of 5 and 189980.
5
What is the greatest common factor of 5616 and 4112?
16
What is the highest common factor of 6903617 and 1043?
1043
Calculate the greatest common factor of 310167 and 21879.
1287
Calculate the greatest common factor of 514 and 22.
2
Calculate the highest common divisor of 378638 and 26.
26
Calculate the highest common divisor of 133538 and 230.
46
What is the greatest common factor of 3564 and 15972?
132
What is the greatest common divisor of 43737 and 956?
239
What is the highest common factor of 219618 and 90?
18
What is the greatest common factor of 2541487 and 52?
13
Calculate the greatest common divisor of 2760 and 18423.
69
Calculate the highest common factor of 755482 and 26.
26
What is the highest common divisor of 904 and 6821132?
452
Calculate the highest common divisor of 327 and 74011.
109
Calculate the greatest common divisor of 1573 and 4961.
121
Calculate the greatest common divisor of 45 and 205545.
15
What is the highest common divisor of 6 and 2862186?
6
Calculate the greatest common divisor of 8 and 386856.
8
What is the highest common divisor of 506386 and 670?
134
Calculate the highest common factor of 114795 and 135.
45
Calculate the highest common factor of 21759 and 12.
3
Calculate the greatest common factor of 209238 and 2064.
258
What is the greatest common factor of 30334 and 725?
29
What is the greatest common divisor of 12405 and 2295?
15
What is the highest common factor of 20 and 520232?
4
Calculate the greatest common divisor of 61 and 3120638.
61
What is the highest common factor of 96057 and 351?
117
Calculate the highest common factor of 15 and 49605.
15
What is the highest common factor of 4077 and 612?
9
What is the greatest common divisor of 42441 and 87591?
903
Calculate the greatest common divisor of 145 and 623848.
29
What is the highest common divisor of 374272 and 7310?
1462
What is the greatest common divisor of 11266 and 1462?
86
Calculate the greatest common factor of 51905 and 140.
35
Calculate the greatest common divisor of 23992 and 24.
8
What is the highest common factor of 4 and 2862940?
4
Calculate the greatest common divisor of 7562 and 12338.
398
Calculate the greatest common divisor of 124 and 7200060.
124
Calculate the highest common divisor of 84620 and 50.
10
What is the highest common divisor of 6035 and 145905?
355
Calculate the highest common factor of 19716 and 2862.
318
Calculate the highest common factor of 4944 and 614910.
618
What is the highest common divisor of 730768 and 16?
16
What is the highest common divisor of 433176 and 192?
24
What is the greatest common divisor of 18 and 6002082?
18
Calculate the highest common divisor of 5091944 and 1144.
1144
Calculate the highest common factor of 147770 and 50.
10
What is the highest common factor of 15544 and 37520?
536
Calculate the highest common divisor of 1098 and 25986.
366
What is the highest common factor of 297 and 847?
11
What is the highest common divisor of 50005 and 55480?
365
Calculate the highest common divisor of 8220 and 683630.
1370
What is the highest common divisor of 621 and 1323?
27
What is the greatest common factor of 46100 and 23900?
100
What is the greatest common factor of 7076 and 59044?
116
Calculate the greatest common factor of 47 and 188987.
47
Calculate the highest common divisor of 425353 and 855.
19
What is the greatest common factor of 128 and 138272?
32
What is the greatest common divisor of 322 and 1246?
14
What is the greatest common divisor of 52650 and 1794?
78
What is the greatest common factor of 174645 and 405?
45
What is the highest common factor of 6420 and 33960?
60
What is the highest common factor of 744 and 23622?
186
What is the highest common factor of 12 and 223134?
6
What is the highest common factor of 9331 and 23870?
217
What is the highest common factor of 3 and 3531?
3
What is the greatest common factor of 172533 and 1194?
597
Calculate the highest common factor of 464 and 4012208.
464
Calculate the greatest common factor of 826384 and 5200.
208
Calculate the highest common factor of 17 and 1867552.
17
What is the highest common factor of 812 and 4118?
58
Calculate the highest common divisor of 804 and 1188.
12
Calculate the highest common factor of 4475 and 4833.
179
What is the greatest common divisor of 626831 and 265?
53
Calculate the highest common divisor of 1701 and 65367.
243
Calculate the greatest common 